6 and t?
6
Let y be (1 + -7)/(((-10)/(-120))/(-1)). What is the greatest common factor of 80 and y?
8
Let o = 614 - 607. What is the greatest common divisor of 7 and o?
7
Suppose 2*i + 133 = 7. Let o be (-4)/6*(15/5 + i). Calculate the greatest common divisor of 320 and o.
40
Let v be (13/(-3))/(4/(-36)). What is the highest common divisor of 3 and v?
3
Let a(s) = -2*s**3 + 39*s**2 - 4*s + 30. Let z be a(19). Calculate the highest common factor of 45 and z.
45
Suppose 3*d + 1 = 7. Suppose 3*v = j - 2, -d*j + 4 = 4*v + v. Let i(r) = -r + 10. Let g be i(v). Calculate the highest common factor of g and 20.
10
Suppose -3*d + 59 = 4*j, 0 = -d - 2*d + j + 64. Let a be 32/10 + 3*(-1)/15. Let q be (-1)/(a*1/(-693)). What is the highest common divisor of q and d?
21
Let o(g) = 12*g**2 - 27*g + 73. Let z be o(10). What is the highest common factor of z and 59?
59
Let x = 30 + -67. Let n = 103 - x. Calculate the highest common factor of n and 20.
20
Suppose 6*d - 2*d - 508 = 2*n, -n = 2*d - 250. Let z = 28 + -14. Calculate the highest common factor of z and d.
14
Suppose 3*f + 4*a - 96 = 3*a, -3*f - 2*a = -93. Calculate the greatest common factor of 2013 and f.
33
Let n = 319 - 194. Calculate the highest common divisor of n and 100.
25
Let d be (-102)/10 - (-7)/35. Let j = 34 + d. Calculate the greatest common factor of j and 168.
24
Suppose -g + 14 = -0*g - 3*n, -2*g + 6 = 5*n. Let m(u) = -u**3 + 9*u**2 - 5*u + 1. Let x be m(g). What is the highest common factor of 25 and x?
25
Suppose 0*c = 5*d + 3*c - 226, -d - 5*c = -32. Calculate the greatest common factor of 94 and d.
47
Let k = 132 - 62. Suppose 17*p - 92 - 96 = 50. Calculate the greatest common factor of p and k.
14
Let o be (-4)/1 - (-6 + 1). Let f = -29 - -34. What is the highest common divisor of o and f?
1
Let v(k) = 0*k**3 + k**3 - 2*k + 2 - 5*k**2 - 3*k**3 + 4*k**3. Let a be v(5). Let b = 22 + -9. Calculate the highest common divisor of b and a.
13
Let l(x) = x**3 - 5*x**2 - 4*x. Let m be l(6). Let c(p) = 5*p - 27. Let y be 7/((-21)/(-9))*3. Let o be c(y). What is the highest common divisor of o and m?
6
Suppose -142 = -10*s + 338. Let o = -113 - -177. Calculate the highest common divisor of o and s.
16
Let i be 7/14 + 9/2. Suppose -2*t + 1 = 3*l, -i = -3*t - 3*l + 2*l. Calculate the highest common factor of t and 6.
2
Let h(x) = x**2 - 5*x - 4. Let d be h(-3). Suppose -3 = -4*o - 23, o - 115 = -4*w. Let m = w - 20. Calculate the greatest common factor of m and d.
10
Suppose 0*n - h = 5*n - 264, 4*n + 4*h = 224. Let v be ((-15)/(-50))/(2/(-4))*-5. Suppose 196 = v*l - 38. What is the greatest common factor of n and l?
26
Let x be ((-150)/15)/(6/(-9)). What is the highest common divisor of 35 and x?
5
Suppose 0 = -2*b - a - 148, 0*b + 3*a = 3*b + 213. Let i = b + 154. Calculate the greatest common divisor of 9 and i.
9
Let a(o) = 8*o**3 - 8*o**2 + 2*o + 4. Let y be a(4). Calculate the greatest common factor of 11 and y.
11
Let w = 16 - 16. Let h(a) = -4*a**2 + 11*a**2 - 6*a**2 + 5*a - 4 + w. Let y be h(3). What is the greatest common factor of y and 80?
20
Let s = -859 - -2020. What is the greatest common factor of s and 516?
129
Suppose -3*v = a - 3 - 4, v + 1 = 3*a. Let h = -2 - -10. Let z be -2*1/(-2) + h. What is the highest common divisor of a and z?
1
Let k = -557 - -1533. Suppose -3*y + k = 274. Calculate the highest common divisor of y and 26.
26
Suppose -230 = -2*o - 5*i, 15*o = 19*o - 5*i - 460. Calculate the greatest common divisor of 115 and o.
115
Let p = -2 + 3. Let q(w) be the second derivative of w**4/4 - w**3/6 - w**2/2 + 2*w. Let y be q(2). Calculate the highest common factor of p and y.
1
Let x(v) = -2*v**2 + 28*v + 2. Let h be x(13). Let s = h + -17. What is the highest common factor of s and 143?
11
Let x(j) = 14*j**3 + 0*j + 4*j - 4 - 5*j**3 - j**2. Let d be x(2). What is the greatest common divisor of 9 and d?
9
Suppose -4*k + 2*l - 194 = 0, -l - 2*l = 5*k + 215. Let o = 76 + k. Calculate the greatest common factor of 12 and o.
6
Let w(y) = -46*y - 396. Let v be w(-16). Calculate the greatest common factor of v and 180.
20
Let q be (-5 - 98/(-21))*-123. What is the greatest common factor of 41 and q?
41
Let l be (-155 + 156)*1/(1/153). Calculate the highest common factor of 187 and l.
17
Let x(j) = j**3 + 5*j**2 - 2*j + 2. Let y be x(-5). Let a be 4 + ((-5580)/(-34) - (-38)/(-323)). Calculate the highest common factor of a and y.
12
Let b(k) = -2*k + 92. Let t be b(12). What is the greatest common divisor of t and 8?
4
Let d be 28/(-3)*(1536/112)/(-4). Calculate the greatest common divisor of 50 and d.
2
Let c = 44 + -37. What is the highest common factor of c and 1337?
7
Suppose -22 = -b - 4*o, -3*b + 5*o - 23 = -2*b. Suppose -3*x = 2*t - 15, -t + b*x - 12 = -3*x. Calculate the highest common factor of t and 15.
3
Suppose 3*x = 3*q - 42, 2*x = -4*q - 3*x + 56. Suppose 0 = -37*g + 4017 + 1681. Calculate the greatest common factor of q and g.
14
Let k(q) = -10*q. Suppose 6 = -4*l + l. Let g be k(l). Let h be (3/2)/((-12)/(-640)). What is the greatest common divisor of g and h?
20
Suppose -y + 6 = -6. Let b be (-108)/(((-4)/8)/(14/28)). What is the highest common factor of b and y?
12
Suppose -123 = 13*v - 1215. Let j be (-86)/(-7) - 8/28. Calculate the greatest common factor of v and j.
12
Suppose 4 = d + 3*d. Suppose 146*l - 1134 = 20*l. Calculate the highest common factor of d and l.
1
Let i = -165 - -365. Let o be ((-10)/(-25))/((-3)/(-600)). What is the highest common factor of o and i?
40
Let o = 17 + 17. Let n = o - 28. Calculate the highest common divisor of n and 6.
6
Let o(d) = 2*d**3 + 24*d**2 + 50*d - 11. Let u be o(-9). What is the greatest common factor of u and 400?
25
Let h(t) = 5*t**2 - 1 + 25*t**3 - 4*t**2 + 5 - 5*t. Let k be h(1). Calculate the highest common factor of k and 10.
5
Suppose 103*y - 986 + 700 = 950. Let n(s) = s**3 + 6*s**2 + 6*s + 4. Let i be n(-4). Calculate the greatest common divisor of i and y.
12
Suppose 0 = 5*q - 3*z - 258, -120*z = -q - 123*z + 66. What is the greatest common divisor of 729 and q?
27
Suppose 75 = 50*h - 475. What is the greatest common factor of h and 88?
11
Let y(g) = -g + 10. Let p be y(7). Suppose u = -5*q + 31, -3*u + 5*q - p*q = -25. What is the greatest common divisor of u and 55?
11
Let p = 589 - 554. Calculate the greatest common factor of 15 and p.
5
Let t = 121 + -86. Let p = 22 - 22. Suppose 19*u - 8*u - 154 = p. What is the highest common factor of t and u?
7
Suppose -8*s + 1086 = -162. What is the greatest common factor of 36 and s?
12
Suppose -v + w = -5*v + 1244, 0 = w - 4. What is the highest common divisor of 20 and v?
10
Let o(k) = -4*k**2 + 1. Let u be o(1). Let f be (7 + -4 + u)/(-2). Let v be ((-370 - f) + -4)/(-2). Calculate the greatest common factor of 17 and v.
17
Suppose 251 = -4*r + 1203. Calculate the greatest common divisor of 28 and r.
14
Suppose -125 = 25*k - 26*k. Calculate the greatest common factor of k and 100.
25
Suppose 4*n - 7 = -q, -4*n + 5*q + 16 = -7*n. Suppose y + 4*k - 8*k - 8 = 0, y = -3*k + 36. Calculate the greatest common factor of n and y.
3
Let y = -75 - -394. What is the highest common factor of y and 11?
11
Let b(z) = 3*z. Let j be b(4). Let o(q) = -q**3 - 6*q**2 - q + 60. Let l be o(0). What is the highest common factor of l and j?
12
Suppose 0 = -4*x + 5*x - 3. Let z be 18 - (0 - (-6)/x). What is the highest common factor of z and 4?
4
Let h be 3/(-4 + (-460)/(-112)). Calculate the greatest common divisor of h and 154.
14
Let g(z) = z**2 - 4*z - 26. Let c be g(-6). Calculate the greatest common factor of c and 646.
34
Let d(n) = 5*n + 83. Let t be d(-7). What is the highest common divisor of 48 and t?
48
Let v = 0 + 4. Let b be v/4*26*1. What is the greatest common divisor of 286 and b?
26
Let o = 13 - 9. Suppose 90 = o*i + i. Calculate the highest common divisor of 9 and i.
9
Let p = -13 + 18. Suppose -p*j = -2 - 13. Suppose 2*q = 4*g - q - 108, q = 2*g - 52. Calculate the greatest common divisor of j and g.
3
Let j be (-6348)/(-22) + (-78)/143. What is the highest common factor of j and 32?
32
Let y = 590 + -398. Calculate the highest common divisor of y and 84.
12
Let n(k) = 21*k - 237. Let r be n(21). Calculate the greatest common factor of r and 36.
12
